 when j is divided by b(8)?
3
Let a = 215 - 136. Calculate the remainder when a is divided by 5.
4
Suppose 6 - 1 = -z, 66 = 2*n + 4*z. Calculate the remainder when 88 is divided by n.
2
Let u(l) = 2*l**3 + 27*l**2 + 12*l + 15. What is the remainder when u(-13) is divided by 18?
10
Let i = 1624 - 1495. Calculate the remainder when 140 is divided by i.
11
Suppose 33 = 6*a - 117. Suppose -82*n + 495 = -77*n. What is the remainder when n is divided by a?
24
Let g = 46 - 31. Let q be 1/(0 - (-1)/43). Calculate the remainder when 3/(-6)*q*-2 is divided by g.
13
Suppose -9*l + 92 + 286 = 0. What is the remainder when 147 is divided by l?
21
Let f(k) = -9*k - 11. Let r be ((-2)/4)/((-8)/(-96)). Let o be f(r). Let a = o + -23. Calculate the remainder when a is divided by 7.
6
Let o = -275 - -319. Calculate the remainder when 167 is divided by o.
35
Suppose 3*t = -2*t + 30. Suppose -16 = -t*g + 2. What is the remainder when g is divided by 3?
0
Let x be (-181)/3 + (4/(-6) - -1). Let y = 78 + x. What is the remainder when 33 is divided by y?
15
Suppose -125*c + 134*c = 981. Calculate the remainder when c is divided by 14.
11
Let u = 96 - 46. Suppose -242 = -6*p - u. Calculate the remainder when p is divided by 18.
14
Let n = -2 - -5. What is the remainder when 51 + n/(-3) - 1 is divided by ((-34)/4)/((-7)/14)?
15
Suppose 27*y + 4106 = 14798. Calculate the remainder when y is divided by 122.
30
Let i = 0 + -7. Let w = i - -7. Suppose y - 20 = -3*v - w, 10 = -2*v + 4*y. Calculate the remainder when 17 is divided by v.
2
Suppose -4*d + 240 = 3*p, 4*p = -4*d - 2 + 318. What is the remainder when p is divided by 8?
4
Suppose 0 = -5*l + 28 - 3, -3*v + 3*l = 24. Calculate the remainder when 65 is divided by (1*-11*(v - 0))/1.
32
Let b be ((-1)/((-8)/108) - 4)*4. Let v = 91 - b. Calculate the remainder when v is divided by 9.
8
Let y be (-3)/2*(-110)/15. Let j = -8 + y. Suppose -2*c + 3*g - 6 = 0, j*c - 5*c - 2*g + 14 = 0. Calculate the remainder when 6 is divided by c.
0
Suppose 2*t = -5*w + 19 - 0, 5*t - 63 = 3*w. Suppose -3*n = 927 - 1062. What is the remainder when n is divided by t?
9
Let j = 18 + -3. Let b = 17 + -11. Suppose 0*x + x = g + 42, b = 3*g. What is the remainder when x is divided by j?
14
Suppose 2*i - 7*i + 940 = 5*k, 0 = -4*k + 2*i + 722. Calculate the remainder when k is divided by 85.
13
Suppose 0*n + 5*n + p = 24, -4*p = -3*n - 4. Suppose -2*t + 4*t - n*m = -4, 0 = 5*t - 2*m - 30. What is the remainder when t is divided by 6?
2
Suppose 3*t + 0*t = -5*z + 28, -z + 2*t = -3. Suppose 0*q + 4*q = 5*y + 16, -y = -3*q + 12. Calculate the remainder when z is divided by q.
1
Suppose 180 = 7*j + 5*j. Calculate the remainder when 56 is divided by j.
11
Suppose 3*h + 2*c - 209 = -0*h, 0 = 5*h - 3*c - 323. Calculate the remainder when h is divided by 35.
32
Suppose -79 = -4*u + 5*b, -3*u - 2*b + 62 = -3*b. Calculate the remainder when 0 + ((-406)/(-5) - 12/(-15)) is divided by u.
19
Let j = -423 + 490. What is the remainder when j is divided by 43?
24
Suppose 2*v - 8 = -2*s, 0 = -4*v + 3*v + 4*s + 29. What is the remainder when v is divided by 7?
2
Suppose -k = 6 - 8. Suppose -k*i - 9 = -3*c - i, 2*c - 6 = -3*i. Let v = -49 - -56. Calculate the remainder when v is divided by c.
1
Let t be ((-98)/35)/((-2)/5). Suppose t = -3*l - 2. Calculate the remainder when 37 is divided by (2 + l)/(1/(-8)).
5
Let l be 3 + -4 + 2 + -1. What is the remainder when 135 is divided by 6 + -6 + (-1 - (-47 - l))?
43
Suppose -5*s + 12 = -3. What is the remainder when 57 is divided by s?
0
Let r be 15/25 - (-956)/(-10). Let q(s) = 3*s**2 - s - 14. What is the remainder when q(5) is divided by (-1)/1*r/5?
18
Let m(h) = h + 2. Suppose 11*w = 9*w + 48. What is the remainder when m(w) is divided by 14?
12
Suppose 3 = -3*n - y + 11, -1 = y. Suppose -14 = 2*m + 2*o, o - 5*o - 20 = n*m. Calculate the remainder when 16 is divided by (12/m)/(2/(-12)).
7
Let k = -214 + 300. Let m(q) = -q**3 - 25*q**2 - 88*q - 62. What is the remainder when k is divided by m(-21)?
20
Suppose 3*u + 7 = 2*d, 5*d - 22 = -3*u + 6. Suppose t + 2 = -t - 2*c, -d*t = c - 7. Calculate the remainder when 86 - (t + -2 + 3) is divided by 21.
20
Let a be -2 + (-2 - (-8 - 0)). Let p = a - -3. Suppose 6*o + 67 = p*o. What is the remainder when o is divided by 17?
16
Let w = 1 + 18. What is the remainder when 3045/40 + -2 - 8/64 is divided by w?
17
Let a = 8 + -6. What is the remainder when -2*(-6)/10*5 is divided by (a + -3 - -3) + 2?
2
Let p(t) = t**3 - 9*t**2 + t. Let g be p(4). Let o = g + 120. Calculate the remainder when 129 is divided by o.
41
Suppose 55 = -v + 2*v + 2*c, 0 = 5*v - 4*c - 205. Let n be (8/(-10))/((-6)/v). Suppose n*d - 18 = 3*d. Calculate the remainder when 11 is divided by d.
5
Suppose -151 = -6*u + 293. Calculate the remainder when 440 is divided by u.
70
Suppose -92*h = -80 - 748. Let k(a) = 16*a - 1. Calculate the remainder when k(2) is divided by h.
4
Suppose 3*v - 1015 = -2*b, 3*b + 2*v = -3*v + 1520. Calculate the remainder when b is divided by 14.
11
Suppose 4*p - 120 = 2*h, 4*h = 2*p - 0*p - 66. Calculate the remainder when 166 is divided by p.
21
Let j(m) = -11*m**2 - 6*m + 2 - 7*m**3 + 5*m**2 + 6*m**3. Calculate the remainder when j(-6) is divided by 13.
12
Suppose 4 = -4*r, r = -2*s - s - 1. Suppose 2*v + 0*v - 130 = -3*z, s = -5*z + 3*v + 242. What is the remainder when z is divided by 16?
14
Suppose 46*r = 28*r + 1026. Calculate the remainder when 210 is divided by r.
39
Let a(j) = -2*j. Let p = 28 + -34. Let g be a(p). Suppose -1 + 159 = 5*i - 3*d, g = 3*d. Calculate the remainder when i is divided by 12.
10
Suppose -3*k + 6*i = i + 118, k + 36 = 5*i. Let y = k - -77. Suppose 4*x - 37 = l - 6*l, -x - 2 = 5*l. What is the remainder when y is divided by x?
10
Let l(m) = 2. Let s(d) = 1. Let q(b) = -2*l(b) + 3*s(b). Let v(w) = -w**2 - 6*w. Let z(f) = -2*q(f) + v(f). What is the remainder when z(-4) is divided by 4?
2
Suppose 0*j + 3*w - 13 = -2*j, 0 = -4*j - w + 11. Suppose 5*d - 177 = 3*r, 0*d - 4*d - j*r + 124 = 0. What is the remainder when 63 is divided by d?
30
Let m(c) = -6 + 22*c + 8 - 2*c. What is the remainder when 87 is divided by m(1)?
21
Suppose 4*a - 16 = 0, -4*b - 2*a = -a - 124. Calculate the remainder when 141 is divided by b.
21
Let y = 2294 + -1253. Calculate the remainder when y is divided by 95.
91
Let r(j) = -25*j. Suppose 3 = -6*f - 9. What is the remainder when r(-3) is divided by (-14)/35 - ((-214)/10 - f)?
18
Let g be 2 + (6 - (0 - -3)). Suppose g*m = 9*m - 56. Calculate the remainder when m is divided by 2 + (3 - 2) + 2.
4
Let v(y) = -y**3 + 8*y**2 - 12*y + 16. Calculate the remainder when v(5) is divided by 17.
14
Let b = 1 + -2. Suppose 4*s + 28 = c, 3*c + 5*s = 9*s + 76. What is the remainder when 0 + 1 - 46*b is divided by c?
23
Let r(s) = 2*s**2 - 1. Let z(w) = -4 + 9*w + 2*w + 10*w. Calculate the remainder when r(5) is divided by z(1).
15
Let l(k) be the first derivative of k**2/2 + 41*k + 6. Let j be l(0). Let o = j - 22. Calculate the remainder when 35 is divided by o.
16
Suppose 0 = 3*g + 45 - 3. Let q = 30 + g. What is the remainder when 31 is divided by q?
15
Let f = 992 + -986. Calculate the remainder when 76 is divided by f.
4
Let b = 1038 - 996. What is the remainder when 276 is divided by b?
24
Let y(i) = -i**3 + 2*i**2 + 4*i + 5. Let w = 38 + -40. Calculate the remainder when 27 is divided by y(w).
1
Suppose 0 = -4*j - j + 1350. Suppose -j = -4*x + x. What is the remainder when x is divided by 31?
28
Let t = -226 - -325. Calculate the remainder when t is divided by 25.
24
Suppose 5*d = -3*g - 56, 0*g + 2*d + 56 = -4*g. Let c = 27 + g. Let h = 89 + -47. What is the remainder when h is divided by c?
12
Let b = -112 + 119. Suppose -2*j + 9 = -1. Suppose 0 = -3*g + 3*t + 95 + b, -164 = -j*g + 2*t. What is the remainder when g is divided by 7?
4
Let a = 469 + -124. What is the remainder when a is divided by 70?
65
Let d be (-110)/5*(-2)/4. What is the remainder when -20*(0 - 6/8) is divided by (-2)/d + (-180)/(-22)?
7
Let r = 846 + -560. Calculate the remainder when r is divided by 25.
11
Suppose 2*v - 8 = 8. Let f = 193 + -146. What is the remainder when f is divided by v?
7
Suppose d + 3*p - 31 = 0, p + 130 = 5*d + 23. Calculate the remaind